3)/2*(-6 + j/12) composite?
True
Let g(n) = -2*n**3 - 66*n**2 - 79*n - 137. Is g(-34) composite?
False
Let p be (-3 - (-2 + -23))/((-2)/(-170)). Suppose 6*d - 9936 = -0*d. Suppose -3*h + d = -3*s, p = 3*h - 4*s + 213. Is h a prime number?
False
Let w be (39 + -2038)/(3/24). Let p = w + 48195. Is p a prime number?
True
Is 9/12 - ((-1484)/336)/((-1)/(-84423)) a prime number?
False
Is ((-28)/(-49) - (-4)/(-56))/(2/53588) composite?
False
Let n = 6092 - -32635. Suppose 0 = -3*o + 12*o - n. Is o composite?
True
Suppose -36*o = -4*d - 41*o + 1082904, 4*o = -2*d + 541458. Is d prime?
False
Let j = 796 + -1375. Let g = 7412 + j. Is g a prime number?
True
Let r(a) = -6*a**3 - 15*a**2 - 26*a - 12. Let s = 156 + -169. Is r(s) a prime number?
True
Suppose -3*x + 24 = -4*r, 0 = 3*r - 3*x + 6*x + 39. Let v(o) = -o**3 - 10*o**2 - o + 31. Let p be v(r). Let h = p - -186. Is h a prime number?
False
Is 2*(1344195/30 - -20) a composite number?
False
Is (4743/1395)/(3/408585) prime?
False
Suppose 43*j - 578767 = -46*j. Is j a composite number?
True
Is (-1 + 11 + 139879)*(-1 + 2) prime?
False
Let w(g) = -2313*g**2 + 1156*g**2 + 4*g**3 - 3 + 1155*g**2. Let a(j) = -j**3 + 7*j**2 - 6*j + 4. Let i be a(6). Is w(i) a composite number?
True
Let y(f) = -f**3 - 6*f**2 - 6*f - 3. Let p be y(-5). Suppose r = -p*u - 1496, -5*u = -2*r + r - 1496. Let l = r + 3853. Is l prime?
True
Let m(x) = -x**3 + 29*x**2 - 28*x - 58. Let o be ((-1)/3)/(6/(-468)). Let z be m(o). Let d = z - -659. Is d a composite number?
False
Let l be (0 - -277)/((-3)/(-5 + 35)). Let d = l - -3983. Is d a composite number?
False
Suppose -51949*n - 727690 = -51959*n. Is n a prime number?
False
Let q be (2 - 17)*(-1)/3. Let c = -3416 - -3416. Suppose 0 = -4*v - 7 - 5, q*i + 3*v - 3846 = c. Is i a composite number?
True
Let s = 616147 + -256706. Is s composite?
False
Let s(g) = -59*g**3 - 6*g + 7. Let o be s(3). Let v = o + 3261. Is v composite?
False
Suppose -177*m + 12917855 + 129298390 + 221568138 = 0. Is m a composite number?
True
Suppose -m + 3*l = -6*m + 76174, 5*m = 5*l + 76190. Let v = -10615 + m. Is v prime?
True
Let x(s) = -61*s + 26. Let t(i) = i**2 + 4*i - 20. Suppose 5*w = 4*v - 17, -8 = 2*w + 4*v + 10. Let a be t(w). Is x(a) a prime number?
True
Suppose 12*r = 1926853 + 6750887. Is r prime?
False
Is (0 + -2)*287611/(-2) a prime number?
True
Suppose -3*t = -w - 7, 3*t = 3*w + 2 + 7. Suppose -3*n = -t*r + 5*r - 12, -5*n + 3*r = 4. Is n*(-2 - -2 - (-3 + -302)) composite?
True
Let w(x) = 7*x**3 - 37*x**2 + 94*x - 57. Let g(d) = -20*d**3 + 111*d**2 - 281*d + 172. Let z(t) = -6*g(t) - 17*w(t). Is z(49) prime?
False
Let z = -15181 + 49764. Is z prime?
True
Let g = 16599 + 3766. Is (288/720)/((4/g)/2) a composite number?
False
Suppose 2*k = -0*k + 3*b - 6496, -9755 = 3*k + b. Is k*8/(-10 - -2) composite?
False
Suppose 2*z - z + 2*l - 9 = 0, -z + 4*l - 3 = 0. Suppose -20 = -z*h + h, -5*a + 2*h = -2560. Suppose a = 2*r - 378. Is r a prime number?
False
Suppose -3*v + 30*k = 29*k - 244631, -k = -5*v + 407715. Is v a composite number?
True
Let f(h) = -12*h - 4. Let q be f(3). Let u be 60/q - (-1314)/(-4). Let g = u + 649. Is g prime?
False
Let h = 141976 - 68115. Is h a prime number?
False
Suppose -4*a + 3*f + 5629 = 4*f, -5*f = -25. Let s = a - 2016. Let h = 267 - s. Is h a prime number?
True
Suppose -7*p = -34*p - 108. Is 0 + 6070 - p/(16/(-20)) a composite number?
True
Let b be (-84)/45 + -5 - 2/15. Let l be ((-2)/3)/(b/21). Is 79*(-4 + l)*3/(-2) composite?
True
Let k(v) = 2146*v + 2087. Is k(26) a prime number?
False
Let o be 3/(-5 + 501/102). Is o*(2 + 57/(-2)) a prime number?
False
Suppose 4*d + 29*d + 4019200 - 15493531 = 0. Is d a composite number?
False
Let u be (-16)/(-2)*(-23 - -2717). Let c = u + -15365. Is c a composite number?
True
Let l(s) = 34*s**2 - 301*s + 11. Is l(34) composite?
True
Suppose 4*b + b + 17 = 4*a, -2*a + 5 = b. Let y be 4/4*(1144 - b). Suppose -3*s = -4*s - 3*i + 391, -3*s - 2*i + y = 0. Is s a prime number?
True
Suppose 51*y + 2522627 = 9*y + 14675033. Is y composite?
False
Let p(x) = -2075*x**3 - 3*x**2 - x - 7. Is p(-4) composite?
False
Suppose -5*a = -g + 8, -2 = 3*g + 4*a - 7. Suppose 0 = 4*d + 2*s - 860, 10 = g*s - 2. Let i = d - 86. Is i prime?
True
Let g = -301609 - -686960. Is g a prime number?
True
Suppose -120*q + 116*q + 2*v + 610220 = 0, 2*q + 3*v - 305126 = 0. Is q a composite number?
True
Let z(s) = -4*s**3 + 58*s**2 + 75*s + 94. Is z(-27) prime?
True
Let q(h) = 78*h**2 + 7*h - 2. Let k be q(-8). Let c = k + -3410. Is (c/(-18))/(4/(-6)) composite?
False
Suppose 3*z + 2 = z, -33 = c + 5*z. Let h be 128/c + 4 - 201/(-21). Is ((-1774)/8)/(h/(-36)) a prime number?
True
Let l(k) = 2*k**2 - 4*k - 1. Let w be l(2). Is (-3)/w + 131376/51 composite?
False
Suppose -3*w - 646 - 44 = 0. Let t be (2 - (-32)/(-14)) + w/(-70). Let q(j) = 15*j**3 - 3*j**2 - 7. Is q(t) prime?
False
Suppose 4*h - 400220 = 37*o - 36*o, 5*h - 4*o - 500275 = 0. Is h prime?
False
Let v(l) = 110*l**3 + l**2 + 2*l - 2. Let b be -2*(3/(-1) - (5 - 7)). Is v(b) prime?
False
Let m(j) = 47*j - 51. Let l = 32 - -32. Let v = l - 54. Is m(v) prime?
True
Let x be 1 - 5 - 41*(-5 - 56). Let o = x - 1214. Is o composite?
False
Let y = -31345 - -86468. Is y a prime number?
False
Let t(w) = -w - 5. Let h be t(-6). Let g be (202 - h)*-25*3/(-9). Let u = -866 + g. Is u a prime number?
True
Let h(k) = k**3 + 12*k**2 + 14*k + 36. Suppose w + 0*w + 28 = -3*v, -v + 5*w = 36. Let f be h(v). Suppose 0 = -f*l + 9688 + 15167. Is l a prime number?
False
Let o(u) be the third derivative of -4715*u**4/24 + 7*u**3/3 - 86*u**2 - u. Is o(-1) a prime number?
True
Suppose -p - 17 + 68 = 0. Let i = p + -42. Let d(z) = 15*z**2 - 9*z - 13. Is d(i) a prime number?
False
Let u be -2*(-3)/(-9)*(-20 - -2). Is 2/(-3)*(-178614)/u a prime number?
True
Suppose 5*n + 13 = 38. Suppose -n + 1 = a. Is a - (-2 - -1 - 392) prime?
True
Let p = 39214 + -5195. Is p composite?
False
Let j be (9 - -4181) + 6*1. Suppose 0 = 2*t - 2*m - j, -t + 10481 = 4*t - 2*m. Is t composite?
True
Suppose p - 4*j = 2, -6*p + 4*p + 4 = -3*j. Suppose -s = -4*s + 12. Is (8 - s)/1 + p a prime number?
False
Is 63762260/664*(-4)/(-10) a prime number?
False
Suppose 24*w = 2771430 + 3730657 - 1433119. Is w a prime number?
False
Let z = -309973 + 441584. Is z a prime number?
True
Suppose 0 = 2*u + 6 - 0, 0 = -5*l + 3*u + 61244. Is l a composite number?
True
Suppose 2*x - 22 = -0*q - 4*q, -x = 3*q - 16. Suppose 0 = -2*u + q*v + 3473, 9*v + 5202 = 3*u + 4*v. Let w = 3660 - u. Is w a prime number?
True
Let b = -5889 + 8695. Is 1/(-2)*(-3 - (b + -11)) a prime number?
True
Let f(t) be the first derivative of -23*t**2 + 3*t + 50. Is f(-8) a composite number?
True
Let s(w) = -3269*w**2 - 4*w + 16. Let b be s(-8). Is b/(-64) + 9/12 a prime number?
False
Let n(h) = 2400*h**2 + 13*h - 22. Is n(-9) a composite number?
True
Suppose 2661 + 4562 = g. Suppose 208*y + g = 209*y. Is y a prime number?
False
Suppose -2*v + 2*s = 5*s - 1420, 0 = -4*v + 2*s + 2840. Let c(y) = y + 12*y**2 + 29 + v - 11*y**2. Is c(0) a prime number?
True
Let k = -58 - -73. Suppose z - 6*z - k = 0, -5*p + 4*z = -497. Suppose -157 = -98*m + p*m. Is m composite?
False
Let u = -24 + 20. Let g be 3162 - 17 - u/2. Suppose 9*w = 12*w - g. Is w composite?
False
Let x(t) be the third derivative of -5/24*t**4 + t - 3/20*t**5 + 23/6*t**3 + 8*t**2 + 0 + 1/40*t**6. Is x(8) a composite number?
True
Suppose 4*t = -5*k + 9 + 14, 5 = k + t. Suppose -3*j - b + 25081 = 3*b, -k*b = -5*j + 41792. Is j prime?
False
Is (8665820/15)/((300/(-45))/(-5)) a composite number?
False
Let l(r) = -3*r + 59. Let n be l(10). Suppose -41*t = -n*t - 26580. Is t composite?
True
Let v be 0 + (-24 - (-1 - -2)). Let g = v - -23. Is ((-2)/2)/(g/(-4198)*-1) a prime number?
True
Let d(x) = -1 - 5*x**3 - 2*x - x - 9 + 2*x**2 - 6*x. Let c be d(-5). Suppose -7*w + 2*w + c = 0. Is w composite?
True
Let z(j) = -349*j - 82. Let a be z(-11). Let g = a + -1662. Is g a prime number?
False
Let z(k) = -8*k. Let b be z(-10). Let o = b - -143. Is o composite?
False
Let r = 7966 + 8767. Is r composite?
True
Let h(a) = 6*a**2 + 19*a - 2. Let l be h(13). Suppose -5*s + 86 - l = y, s = 3*y + 3503. Let f = -669 - y. Is f composite?
False
Let o(a) = a**3 + a**2 + 5. Let q b